st common divisor of 67309 and 36047.
319
Calculate the highest common factor of 66 and 37686.
66
Calculate the greatest common divisor of 46514 and 2.
2
Calculate the greatest common divisor of 1019314 and 46.
46
Calculate the greatest common factor of 41 and 24613079.
41
What is the greatest common factor of 116 and 112636?
116
What is the highest common divisor of 249 and 3472305?
249
Calculate the highest common divisor of 28518 and 588.
294
What is the greatest common factor of 43130 and 19?
19
Calculate the greatest common factor of 100220 and 260.
20
What is the highest common divisor of 1765176 and 532?
532
Calculate the greatest common factor of 97 and 23571.
97
Calculate the greatest common divisor of 38 and 48754.
38
What is the highest common factor of 10 and 1883690?
10
Calculate the greatest common factor of 1177 and 11462803.
1177
Calculate the greatest common factor of 3095118 and 72.
18
What is the highest common divisor of 767 and 54?
1
Calculate the greatest common divisor of 114 and 17518.
38
What is the highest common factor of 71 and 224857?
71
What is the highest common divisor of 92 and 11569?
23
What is the greatest common factor of 1455040 and 320?
320
What is the greatest common divisor of 36 and 67059?
9
What is the greatest common divisor of 165808 and 11352?
344
What is the greatest common factor of 4186 and 702?
26
Calculate the highest common factor of 353403 and 81.
81
What is the greatest common divisor of 24 and 97476?
12
Calculate the greatest common factor of 1239 and 16579.
59
What is the highest common divisor of 2541 and 2662?
121
Calculate the highest common factor of 15066 and 27459.
243
What is the highest common factor of 674467 and 31?
31
Calculate the highest common divisor of 27 and 59589.
27
What is the greatest common divisor of 80220 and 104095?
955
What is the highest common factor of 21354 and 6?
6
What is the highest common factor of 154 and 82214?
22
What is the greatest common divisor of 451 and 14641?
11
Calculate the highest common divisor of 341 and 30008.
341
What is the greatest common factor of 18496 and 25568?
544
Calculate the greatest common factor of 2943 and 120881.
109
Calculate the highest common factor of 361326 and 1176.
294
What is the greatest common factor of 50396 and 181074?
586
Calculate the greatest common divisor of 918 and 86445.
153
Calculate the greatest common divisor of 333 and 10249.
37
What is the greatest common factor of 203 and 61362?
7
Calculate the greatest common factor of 84 and 1282260.
84
Calculate the greatest common factor of 13775 and 100195.
145
What is the greatest common divisor of 331 and 5040137?
331
Calculate the greatest common divisor of 97616 and 144.
16
Calculate the greatest common divisor of 73431 and 369.
369
Calculate the highest common divisor of 5664 and 30.
6
Calculate the greatest common divisor of 5040 and 546210.
630
What is the highest common divisor of 6642 and 5184?
162
Calculate the greatest common factor of 94864 and 896.
112
Calculate the greatest common factor of 536 and 861486.
134
Calculate the highest common divisor of 65715 and 65.
65
What is the greatest common factor of 52904 and 204?
68
What is the highest common factor of 104 and 2807844?
52
Calculate the greatest common factor of 207744 and 186.
6
Calculate the highest common divisor of 72 and 1884.
12
What is the greatest common factor of 10672 and 651659?
667
What is the greatest common factor of 6867 and 11592?
63
What is the greatest common divisor of 84413 and 217?
217
Calculate the highest common factor of 200 and 314904.
8
What is the greatest common factor of 54328 and 8?
8
What is the greatest common divisor of 819 and 1267?
7
What is the highest common divisor of 2876 and 16?
4
What is the greatest common factor of 130 and 37765?
65
What is the greatest common factor of 134 and 6061691?
67
Calculate the greatest common factor of 728 and 120666.
182
Calculate the greatest common factor of 33 and 1981661.
11
What is the greatest common factor of 180 and 133452?
36
Calculate the highest common factor of 1969738 and 377.
29
What is the greatest common factor of 15356 and 1496?
44
What is the greatest common divisor of 312174 and 47?
47
Calculate the highest common divisor of 1625 and 575.
25
Calculate the highest common factor of 61160 and 264.
88
Calculate the greatest common factor of 5596 and 76.
4
What is the greatest common factor of 1242880 and 971?
971
Calculate the highest common divisor of 114 and 134311.
19
What is the greatest common factor of 9520 and 2576?
112
What is the highest common divisor of 195 and 383682?
39
What is the highest common divisor of 7 and 211309?
7
What is the highest common factor of 83173 and 31?
31
What is the highest common divisor of 175848 and 3264?
408
What is the greatest common factor of 7191 and 166239?
423
What is the highest common divisor of 1080 and 230688?
216
What is the highest common factor of 306 and 435234?
102
What is the greatest common divisor of 72 and 2136?
24
What is the highest common factor of 18620 and 10260?
380
Calculate the highest common divisor of 2973 and 48.
3
Calculate the greatest common divisor of 9294 and 114.
6
Calculate the greatest common factor of 35 and 1572865.
35
What is the greatest common divisor of 4212 and 1508?
52
What is the highest common divisor of 9472 and 1280?
256
Calculate the highest common factor of 462929 and 549.
61
What is the highest common factor of 937894 and 46?
46
Calculate the greatest common factor of 93 and 403.
31
What is the greatest common factor of 423733 and 491?
491
Calculate the highest common factor of 4331 and 32447.
71
What is the highest common divisor of 5 and 293265?
5
What is the highest common divisor of 106 and 3763?
53
Calculate the highest common divisor of 25 and 20325.
25
Calculate the greatest common divisor of 207 and 694071.
207
What is the greatest common factor of 139 and 925601?
139
Calculate the highest common divisor of 704 and 3456.
64
Calculate the highest common divisor of 364 and 2756.
52
Calculate the highest common factor of 3887 and 2438.
23
What is the highest common divisor of 238238 and 286?
286
What is the greatest common factor of 23868 and 290628?
1404
Calculate the highest common factor of 333 and 13209.
111
Calculate the greatest common factor of 55549 and 13.
13
What is the highest common factor of 64 and 433984?
64
Calculate the highest common factor of 4485 and 528333.
897
Calculate the greatest common divisor of 377 and 2704.
13
Calculate the greatest common divisor of 256 and 4997504.
128
Calculate the greatest common factor of 27055 and 35.
35
What is the highest common factor of 230 and 48806?
46
Calculate the greatest common factor of 1173 and 50269.
17
What is the greatest common factor of 1455 and 465?
15
Calculate the highest common divisor of 1388047 and 277.
277
Calculate the highest common divisor of 8930 and 5160.
10
What is the highest common divisor of 738376 and 8?
8
Calculate the greatest common divisor of 79203 and 1122.
51
Calculate the highest common factor of 32880 and 168.
24
Calculate the greatest common divisor of 4012 and 12449.
59
Calculate the greatest common divisor of 2914 and 11045.
47
Calculate the highest common factor of 1088 and 2870688.
544
What is the highest common factor of 17814 and 39?
3
What is the highest common divisor of 33 and 115819?
11
Calculate the highest common factor of 617648 and 16.
16
What is the greatest common divisor of 276 and 20562?
138
Calculate the highest common divisor of 49 and 34237.
7
What is the greatest common divisor of 2127 and 21?
3
Calculate the highest common divisor of 4 and 31846.
2
What is the highest common divisor of 921 and 3377?
307
What is the highest common divisor of 3452 and 94?
2
Calculate the highest common factor of 98 and 4816.
14
Calculate the greatest common factor of 56375 and 12177.
451
Calculate the highest common divisor of 9 and 2084463.
9
Calculate the highest common factor of 4 and 30110.
2
What is the greatest common divisor of 141730 and 50?
10
Calculate the highest common factor of 87352 and 104.
8
What is the highest common divisor of 48097 and 7?
7
What is the highest common factor of 1533 and 63?
21
Wha